{"id":150,"date":"2025-07-18T12:48:59","date_gmt":"2025-07-18T12:48:59","guid":{"rendered":"https:\/\/elvagonbejar.com\/?page_id=150"},"modified":"2026-02-07T00:31:09","modified_gmt":"2026-02-07T00:31:09","slug":"pagina-principal-2","status":"publish","type":"page","link":"https:\/\/elvagonbejar.com\/","title":{"rendered":"P\u00e1gina principal"},"content":{"rendered":"\t\t<div data-elementor-type=\"wp-page\" data-elementor-id=\"150\" class=\"elementor elementor-150\">\n\t\t\t\t<div class=\"elementor-element elementor-element-935fd2e e-con-full e-flex e-con e-parent\" data-id=\"935fd2e\" data-element_type=\"container\" data-settings=\"{&quot;background_background&quot;:&quot;classic&quot;}\">\n\t\t\t\t<div class=\"elementor-element elementor-element-6ce84c7d elementor-invisible elementor-widget elementor-widget-heading\" data-id=\"6ce84c7d\" data-element_type=\"widget\" data-settings=\"{&quot;_animation&quot;:&quot;fadeInUp&quot;}\" data-widget_type=\"heading.default\">\n\t\t\t\t<div class=\"elementor-widget-container\">\n\t\t\t\t\t<h2 class=\"elementor-heading-title elementor-size-default\">\u00bfQu\u00e9 te interesa?<\/h2>\t\t\t\t<\/div>\n\t\t\t\t<\/div>\n\t\t\t\t<div class=\"elementor-element elementor-element-261308d elementor-widget-divider--view-line_icon elementor-view-default elementor-widget-divider--element-align-center elementor-invisible elementor-widget elementor-widget-divider\" data-id=\"261308d\" data-element_type=\"widget\" data-settings=\"{&quot;_animation&quot;:&quot;fadeInUp&quot;}\" data-widget_type=\"divider.default\">\n\t\t\t\t<div class=\"elementor-widget-container\">\n\t\t\t\t\t\t\t<div class=\"elementor-divider\">\n\t\t\t<span class=\"elementor-divider-separator\">\n\t\t\t\t\t\t\t<div class=\"elementor-icon elementor-divider__element\">\n\t\t\t\t\t<svg aria-hidden=\"true\" class=\"e-font-icon-svg e-fas-train\" viewBox=\"0 0 448 512\" xmlns=\"http:\/\/www.w3.org\/2000\/svg\"><path d=\"M448 96v256c0 51.815-61.624 96-130.022 96l62.98 49.721C386.905 502.417 383.562 512 376 512H72c-7.578 0-10.892-9.594-4.957-14.279L130.022 448C61.82 448 0 403.954 0 352V96C0 42.981 64 0 128 0h192c65 0 128 42.981 128 96zm-48 136V120c0-13.255-10.745-24-24-24H72c-13.255 0-24 10.745-24 24v112c0 13.255 10.745 24 24 24h304c13.255 0 24-10.745 24-24zm-176 64c-30.928 0-56 25.072-56 56s25.072 56 56 56 56-25.072 56-56-25.072-56-56-56z\"><\/path><\/svg><\/div>\n\t\t\t\t\t\t<\/span>\n\t\t<\/div>\n\t\t\t\t\t\t<\/div>\n\t\t\t\t<\/div>\n\t\t<div class=\"elementor-element elementor-element-7a2ac64 e-con-full e-flex e-con e-child\" data-id=\"7a2ac64\" data-element_type=\"container\">\n\t\t<div class=\"elementor-element elementor-element-1f248f09 e-flex e-con-boxed elementor-invisible e-con e-child\" data-id=\"1f248f09\" data-element_type=\"container\" data-settings=\"{&quot;background_background&quot;:&quot;classic&quot;,&quot;animation&quot;:&quot;fadeInUp&quot;}\">\n\t\t\t\t\t<div class=\"e-con-inner\">\n\t\t\t\t<div class=\"elementor-element elementor-element-58e6dd67 elementor-widget elementor-widget-heading\" data-id=\"58e6dd67\" data-element_type=\"widget\" data-widget_type=\"heading.default\">\n\t\t\t\t<div class=\"elementor-widget-container\">\n\t\t\t\t\t<h4 class=\"elementor-heading-title elementor-size-default\"><a href=\"https:\/\/elvagonbejar.com\/bar\/\">El bar<\/a><\/h4>\t\t\t\t<\/div>\n\t\t\t\t<\/div>\n\t\t\t\t\t<\/div>\n\t\t\t\t<\/div>\n\t\t<div class=\"elementor-element elementor-element-5ccf0442 e-flex e-con-boxed elementor-invisible e-con e-child\" data-id=\"5ccf0442\" data-element_type=\"container\" data-settings=\"{&quot;background_background&quot;:&quot;classic&quot;,&quot;animation&quot;:&quot;fadeInUp&quot;,&quot;animation_delay&quot;:250}\">\n\t\t\t\t\t<div class=\"e-con-inner\">\n\t\t\t\t<div class=\"elementor-element elementor-element-32bdd369 elementor-widget elementor-widget-heading\" data-id=\"32bdd369\" data-element_type=\"widget\" data-widget_type=\"heading.default\">\n\t\t\t\t<div class=\"elementor-widget-container\">\n\t\t\t\t\t<h4 class=\"elementor-heading-title elementor-size-default\"><a href=\"https:\/\/elvagonbejar.com\/albergue\/\">El albergue<\/a><\/h4>\t\t\t\t<\/div>\n\t\t\t\t<\/div>\n\t\t\t\t\t<\/div>\n\t\t\t\t<\/div>\n\t\t<div class=\"elementor-element elementor-element-f7492c5 e-con-full e-flex elementor-invisible e-con e-child\" data-id=\"f7492c5\" data-element_type=\"container\" data-settings=\"{&quot;background_background&quot;:&quot;classic&quot;,&quot;animation&quot;:&quot;fadeInUp&quot;,&quot;animation_delay&quot;:250}\">\n\t\t\t\t<div class=\"elementor-element elementor-element-5dd66da elementor-widget elementor-widget-heading\" data-id=\"5dd66da\" data-element_type=\"widget\" data-widget_type=\"heading.default\">\n\t\t\t\t<div class=\"elementor-widget-container\">\n\t\t\t\t\t<h4 class=\"elementor-heading-title elementor-size-default\"><a href=\"https:\/\/sittaturismoactivo.com\/\">Excursiones y actividades<\/a><\/h4>\t\t\t\t<\/div>\n\t\t\t\t<\/div>\n\t\t\t\t<\/div>\n\t\t\t\t<\/div>\n\t\t\t\t<\/div>\n\t\t<div class=\"elementor-element elementor-element-f6190f4 e-flex e-con-boxed e-con e-parent\" data-id=\"f6190f4\" data-element_type=\"container\">\n\t\t\t\t\t<div class=\"e-con-inner\">\n\t\t\t\t<div class=\"elementor-element elementor-element-bd34b9c elementor-widget-divider--view-line elementor-widget elementor-widget-divider\" data-id=\"bd34b9c\" data-element_type=\"widget\" data-widget_type=\"divider.default\">\n\t\t\t\t<div class=\"elementor-widget-container\">\n\t\t\t\t\t\t\t<div class=\"elementor-divider\">\n\t\t\t<span class=\"elementor-divider-separator\">\n\t\t\t\t\t\t<\/span>\n\t\t<\/div>\n\t\t\t\t\t\t<\/div>\n\t\t\t\t<\/div>\n\t\t\t\t\t<\/div>\n\t\t\t\t<\/div>\n\t\t<div class=\"elementor-element elementor-element-a0d0188 e-con-full e-flex e-con e-parent\" data-id=\"a0d0188\" data-element_type=\"container\" data-settings=\"{&quot;background_background&quot;:&quot;classic&quot;}\">\n\t\t<footer class=\"elementor-element elementor-element-83efcab e-con-full e-flex e-con e-child\" data-id=\"83efcab\" data-element_type=\"container\">\n\t\t<div class=\"elementor-element elementor-element-eea17a2 e-con-full e-flex e-con e-child\" data-id=\"eea17a2\" data-element_type=\"container\">\n\t\t\t\t<\/div>\n\t\t<div class=\"elementor-element elementor-element-04aa8b4 e-con-full e-flex e-con e-child\" data-id=\"04aa8b4\" data-element_type=\"container\">\n\t\t\t\t<div class=\"elementor-element elementor-element-240a7ad elementor-icon-list--layout-inline elementor-tablet-align-center elementor-align-center elementor-list-item-link-full_width elementor-widget elementor-widget-icon-list\" data-id=\"240a7ad\" data-element_type=\"widget\" data-widget_type=\"icon-list.default\">\n\t\t\t\t<div class=\"elementor-widget-container\">\n\t\t\t\t\t\t\t<ul class=\"elementor-icon-list-items elementor-inline-items\">\n\t\t\t\t\t\t\t<li class=\"elementor-icon-list-item elementor-inline-item\">\n\t\t\t\t\t\t\t\t\t\t<span class=\"elementor-icon-list-text\">613 54 93 78 <\/span>\n\t\t\t\t\t\t\t\t\t<\/li>\n\t\t\t\t\t\t\t\t<li class=\"elementor-icon-list-item elementor-inline-item\">\n\t\t\t\t\t\t\t\t\t\t<span class=\"elementor-icon-list-text\">info@elvagonbejar.com<\/span>\n\t\t\t\t\t\t\t\t\t<\/li>\n\t\t\t\t\t\t\t\t<li class=\"elementor-icon-list-item elementor-inline-item\">\n\t\t\t\t\t\t\t\t\t\t<span class=\"elementor-icon-list-text\">C\/ Ctra. de Salamanca, 92, B\u00e9jar<\/span>\n\t\t\t\t\t\t\t\t\t<\/li>\n\t\t\t\t\t\t<\/ul>\n\t\t\t\t\t\t<\/div>\n\t\t\t\t<\/div>\n\t\t\t\t<\/div>\n\t\t<div class=\"elementor-element elementor-element-180fe87 e-con-full e-flex e-con e-child\" data-id=\"180fe87\" data-element_type=\"container\">\n\t\t\t\t<div class=\"elementor-element elementor-element-6959dca e-grid-align-right e-grid-align-tablet-right e-grid-align-mobile-center elementor-widget-mobile__width-inherit elementor-shape-rounded elementor-grid-0 elementor-widget elementor-widget-social-icons\" data-id=\"6959dca\" data-element_type=\"widget\" data-widget_type=\"social-icons.default\">\n\t\t\t\t<div class=\"elementor-widget-container\">\n\t\t\t\t\t\t\t<div class=\"elementor-social-icons-wrapper elementor-grid\" role=\"list\">\n\t\t\t\t\t\t\t<span class=\"elementor-grid-item\" role=\"listitem\">\n\t\t\t\t\t<a class=\"elementor-icon elementor-social-icon elementor-social-icon-facebook-f elementor-repeater-item-3f1b7ac\" href=\"https:\/\/www.facebook.com\/profile.php?id=61578357622001\" target=\"_blank\">\n\t\t\t\t\t\t<span class=\"elementor-screen-only\">Facebook-f<\/span>\n\t\t\t\t\t\t<svg class=\"e-font-icon-svg e-fab-facebook-f\" viewBox=\"0 0 320 512\" xmlns=\"http:\/\/www.w3.org\/2000\/svg\"><path d=\"M279.14 288l14.22-92.66h-88.91v-60.13c0-25.35 12.42-50.06 52.24-50.06h40.42V6.26S260.43 0 225.36 0c-73.22 0-121.08 44.38-121.08 124.72v70.62H22.89V288h81.39v224h100.17V288z\"><\/path><\/svg>\t\t\t\t\t<\/a>\n\t\t\t\t<\/span>\n\t\t\t\t\t\t\t<span class=\"elementor-grid-item\" role=\"listitem\">\n\t\t\t\t\t<a class=\"elementor-icon elementor-social-icon elementor-social-icon- elementor-repeater-item-5c0ce3c\" href=\"https:\/\/www.instagram.com\/elvagonbejar\/\" target=\"_blank\">\n\t\t\t\t\t\t<span class=\"elementor-screen-only\"><\/span>\n\t\t\t\t\t\t<svg xmlns=\"http:\/\/www.w3.org\/2000\/svg\" id=\"aaf4d88f-6908-42b9-b3d6-5d6a3ec06a43\" data-name=\"Layer 1\" width=\"27\" height=\"26\" viewBox=\"0 0 27 26\"><path d=\"M26.9922,13.12c0-1.952.0071-3.904-.0054-5.856a7.4912,7.4912,0,0,0-.12-1.3338,6.9762,6.9762,0,0,0-2.4989-4.1911,7.3149,7.3149,0,0,0-4.73-1.7279c-4.031-.02-8.0623-.0061-12.0935-.0071a7.347,7.347,0,0,0-3.6653.907,6.9367,6.9367,0,0,0-3.85,6.2265C-.025,11.0332.0121,14.93.0169,18.8272a6.5069,6.5069,0,0,0,.8908,3.3475A7.2785,7.2785,0,0,0,7.419,25.9708c4.0565.0558,8.1145.0148,12.1719.0131a7.6378,7.6378,0,0,0,4.9015-1.8408,6.9218,6.9218,0,0,0,2.4928-5.276C27.0143,16.9517,26.9915,15.0354,26.9922,13.12ZM13.4174,20.21a7.3625,7.3625,0,0,1-7.4061-7.2182,7.3505,7.3505,0,0,1,7.4992-7.2115,7.3516,7.3516,0,0,1,7.4852,7.2146A7.37,7.37,0,0,1,13.4174,20.21ZM22.4962,5.7791a1.48,1.48,0,0,1-1.5005-1.4476,1.5014,1.5014,0,0,1,3-.0009A1.481,1.481,0,0,1,22.4962,5.7791Z\" transform=\"translate(0 0)\" style=\"fill-rule:evenodd\"><\/path><path d=\"M13.4969,8.3571a4.7331,4.7331,0,0,0-4.8183,4.6445,4.74,4.74,0,0,0,4.8241,4.6413,4.74,4.74,0,0,0,4.8187-4.6466A4.7342,4.7342,0,0,0,13.4969,8.3571Z\" transform=\"translate(0 0)\" style=\"fill-rule:evenodd\"><\/path><\/svg>\t\t\t\t\t<\/a>\n\t\t\t\t<\/span>\n\t\t\t\t\t\t\t<span class=\"elementor-grid-item\" role=\"listitem\">\n\t\t\t\t\t<a class=\"elementor-icon elementor-social-icon elementor-social-icon-twitter elementor-repeater-item-828f132\" href=\"https:\/\/x.com\/elvagonbejar\" target=\"_blank\">\n\t\t\t\t\t\t<span class=\"elementor-screen-only\">Twitter<\/span>\n\t\t\t\t\t\t<svg class=\"e-font-icon-svg e-fab-twitter\" viewBox=\"0 0 512 512\" xmlns=\"http:\/\/www.w3.org\/2000\/svg\"><path d=\"M459.37 151.716c.325 4.548.325 9.097.325 13.645 0 138.72-105.583 298.558-298.558 298.558-59.452 0-114.68-17.219-161.137-47.106 8.447.974 16.568 1.299 25.34 1.299 49.055 0 94.213-16.568 130.274-44.832-46.132-.975-84.792-31.188-98.112-72.772 6.498.974 12.995 1.624 19.818 1.624 9.421 0 18.843-1.3 27.614-3.573-48.081-9.747-84.143-51.98-84.143-102.985v-1.299c13.969 7.797 30.214 12.67 47.431 13.319-28.264-18.843-46.781-51.005-46.781-87.391 0-19.492 5.197-37.36 14.294-52.954 51.655 63.675 129.3 105.258 216.365 109.807-1.624-7.797-2.599-15.918-2.599-24.04 0-57.828 46.782-104.934 104.934-104.934 30.213 0 57.502 12.67 76.67 33.137 23.715-4.548 46.456-13.32 66.599-25.34-7.798 24.366-24.366 44.833-46.132 57.827 21.117-2.273 41.584-8.122 60.426-16.243-14.292 20.791-32.161 39.308-52.628 54.253z\"><\/path><\/svg>\t\t\t\t\t<\/a>\n\t\t\t\t<\/span>\n\t\t\t\t\t<\/div>\n\t\t\t\t\t\t<\/div>\n\t\t\t\t<\/div>\n\t\t\t\t<\/div>\n\t\t\t\t<\/footer>\n\t\t<div class=\"elementor-element elementor-element-dd16baf e-con-full e-flex e-con e-child\" data-id=\"dd16baf\" data-element_type=\"container\" data-settings=\"{&quot;background_background&quot;:&quot;classic&quot;}\">\n\t\t\t\t<div class=\"elementor-element elementor-element-74ee007 elementor-widget elementor-widget-heading\" data-id=\"74ee007\" data-element_type=\"widget\" data-widget_type=\"heading.default\">\n\t\t\t\t<div class=\"elementor-widget-container\">\n\t\t\t\t\t<p class=\"elementor-heading-title elementor-size-default\"><a href=\"https:\/\/elvagonbejar.com\/index.php\/politica-de-privacidad\/?preview_id=254&#038;preview_nonce=34e1a3dee0&#038;preview=true\">\u00a9 Todos los derechos reservados | Consulta nuestra Pol\u00edtica de Privacidad<\/a><\/p>\t\t\t\t<\/div>\n\t\t\t\t<\/div>\n\t\t\t\t<\/div>\n\t\t\t\t<\/div>\n\t\t\t\t<\/div>\n\t\t","protected":false},"excerpt":{"rendered":"<p>\u00bfQu\u00e9 te interesa? El bar El albergue Excursiones y actividades 613 54 93 78 info@elvagonbejar.com C\/ Ctra. de Salamanca, 92, B\u00e9jar Facebook-f Twitter \u00a9 Todos los derechos reservados | Consulta nuestra Pol\u00edtica de Privacidad<\/p>\n","protected":false},"author":1,"featured_media":0,"parent":2,"menu_order":0,"comment_status":"closed","ping_status":"closed","template":"","meta":{"footnotes":""},"class_list":["post-150","page","type-page","status-publish","hentry"],"yoast_head":"<!-- This site is optimized with the Yoast SEO plugin v25.6 - https:\/\/yoast.com\/wordpress\/plugins\/seo\/ -->\n<title>P\u00e1gina principal - El Vag\u00f3n<\/title>\n<meta name=\"description\" content=\"El Vag\u00f3n B\u00e9jar Bar-Albergue es un punto de encuentro en la antigua estaci\u00f3n de tren de B\u00e9jar. Desayunos, tapas, alojamiento con encanto y acceso a rutas y excursiones.\" \/>\n<meta name=\"robots\" content=\"index, follow, max-snippet:-1, max-image-preview:large, max-video-preview:-1\" \/>\n<link rel=\"canonical\" href=\"https:\/\/elvagonbejar.com\/\" \/>\n<meta property=\"og:locale\" content=\"es_ES\" \/>\n<meta property=\"og:type\" content=\"article\" \/>\n<meta property=\"og:title\" content=\"P\u00e1gina principal - El Vag\u00f3n\" \/>\n<meta property=\"og:description\" content=\"El Vag\u00f3n B\u00e9jar Bar-Albergue es un punto de encuentro en la antigua estaci\u00f3n de tren de B\u00e9jar. Desayunos, tapas, alojamiento con encanto y acceso a rutas y excursiones.\" \/>\n<meta property=\"og:url\" content=\"https:\/\/elvagonbejar.com\/\" \/>\n<meta property=\"og:site_name\" content=\"El Vag\u00f3n\" \/>\n<meta property=\"article:publisher\" content=\"https:\/\/www.facebook.com\/profile.php?id=61578357622001\" \/>\n<meta property=\"article:modified_time\" content=\"2026-02-07T00:31:09+00:00\" \/>\n<meta name=\"twitter:card\" content=\"summary_large_image\" \/>\n<meta name=\"twitter:label1\" content=\"Tiempo de lectura\" \/>\n\t<meta name=\"twitter:data1\" content=\"1 minuto\" \/>\n<script type=\"application\/ld+json\" class=\"yoast-schema-graph\">{\"@context\":\"https:\/\/schema.org\",\"@graph\":[{\"@type\":\"WebPage\",\"@id\":\"https:\/\/elvagonbejar.com\/\",\"url\":\"https:\/\/elvagonbejar.com\/\",\"name\":\"P\u00e1gina principal - El Vag\u00f3n\",\"isPartOf\":{\"@id\":\"https:\/\/elvagonbejar.com\/#website\"},\"datePublished\":\"2025-07-18T12:48:59+00:00\",\"dateModified\":\"2026-02-07T00:31:09+00:00\",\"description\":\"El Vag\u00f3n B\u00e9jar Bar-Albergue es un punto de encuentro en la antigua estaci\u00f3n de tren de B\u00e9jar. Desayunos, tapas, alojamiento con encanto y acceso a rutas y excursiones.\",\"breadcrumb\":{\"@id\":\"https:\/\/elvagonbejar.com\/#breadcrumb\"},\"inLanguage\":\"es\",\"potentialAction\":[{\"@type\":\"ReadAction\",\"target\":[\"https:\/\/elvagonbejar.com\/\"]}]},{\"@type\":\"BreadcrumbList\",\"@id\":\"https:\/\/elvagonbejar.com\/#breadcrumb\",\"itemListElement\":[{\"@type\":\"ListItem\",\"position\":1,\"name\":\"Portada\",\"item\":\"https:\/\/elvagonbejar.com\/\"},{\"@type\":\"ListItem\",\"position\":2,\"name\":\"P\u00e1gina principal\",\"item\":\"https:\/\/elvagonbejar.com\/index.php\/sample-page\/\"},{\"@type\":\"ListItem\",\"position\":3,\"name\":\"P\u00e1gina principal\"}]},{\"@type\":\"WebSite\",\"@id\":\"https:\/\/elvagonbejar.com\/#website\",\"url\":\"https:\/\/elvagonbejar.com\/\",\"name\":\"El Vag\u00f3n\",\"description\":\"\",\"publisher\":{\"@id\":\"https:\/\/elvagonbejar.com\/#organization\"},\"potentialAction\":[{\"@type\":\"SearchAction\",\"target\":{\"@type\":\"EntryPoint\",\"urlTemplate\":\"https:\/\/elvagonbejar.com\/?s={search_term_string}\"},\"query-input\":{\"@type\":\"PropertyValueSpecification\",\"valueRequired\":true,\"valueName\":\"search_term_string\"}}],\"inLanguage\":\"es\"},{\"@type\":\"Organization\",\"@id\":\"https:\/\/elvagonbejar.com\/#organization\",\"name\":\"El Vag\u00f3n\",\"url\":\"https:\/\/elvagonbejar.com\/\",\"logo\":{\"@type\":\"ImageObject\",\"inLanguage\":\"es\",\"@id\":\"https:\/\/elvagonbejar.com\/#\/schema\/logo\/image\/\",\"url\":\"https:\/\/elvagonbejar.com\/wp-content\/uploads\/2025\/07\/cropped-Logo_positivo@4x.png\",\"contentUrl\":\"https:\/\/elvagonbejar.com\/wp-content\/uploads\/2025\/07\/cropped-Logo_positivo@4x.png\",\"width\":1650,\"height\":1195,\"caption\":\"El Vag\u00f3n\"},\"image\":{\"@id\":\"https:\/\/elvagonbejar.com\/#\/schema\/logo\/image\/\"},\"sameAs\":[\"https:\/\/www.facebook.com\/profile.php?id=61578357622001\",\"https:\/\/www.instagram.com\/elvagonbejar\/\"]}]}<\/script>\n<!-- \/ Yoast SEO plugin. -->","yoast_head_json":{"title":"P\u00e1gina principal - El Vag\u00f3n","description":"El Vag\u00f3n B\u00e9jar Bar-Albergue es un punto de encuentro en la antigua estaci\u00f3n de tren de B\u00e9jar. Desayunos, tapas, alojamiento con encanto y acceso a rutas y excursiones.","robots":{"index":"index","follow":"follow","max-snippet":"max-snippet:-1","max-image-preview":"max-image-preview:large","max-video-preview":"max-video-preview:-1"},"canonical":"https:\/\/elvagonbejar.com\/","og_locale":"es_ES","og_type":"article","og_title":"P\u00e1gina principal - El Vag\u00f3n","og_description":"El Vag\u00f3n B\u00e9jar Bar-Albergue es un punto de encuentro en la antigua estaci\u00f3n de tren de B\u00e9jar. Desayunos, tapas, alojamiento con encanto y acceso a rutas y excursiones.","og_url":"https:\/\/elvagonbejar.com\/","og_site_name":"El Vag\u00f3n","article_publisher":"https:\/\/www.facebook.com\/profile.php?id=61578357622001","article_modified_time":"2026-02-07T00:31:09+00:00","twitter_card":"summary_large_image","twitter_misc":{"Tiempo de lectura":"1 minuto"},"schema":{"@context":"https:\/\/schema.org","@graph":[{"@type":"WebPage","@id":"https:\/\/elvagonbejar.com\/","url":"https:\/\/elvagonbejar.com\/","name":"P\u00e1gina principal - El Vag\u00f3n","isPartOf":{"@id":"https:\/\/elvagonbejar.com\/#website"},"datePublished":"2025-07-18T12:48:59+00:00","dateModified":"2026-02-07T00:31:09+00:00","description":"El Vag\u00f3n B\u00e9jar Bar-Albergue es un punto de encuentro en la antigua estaci\u00f3n de tren de B\u00e9jar. Desayunos, tapas, alojamiento con encanto y acceso a rutas y excursiones.","breadcrumb":{"@id":"https:\/\/elvagonbejar.com\/#breadcrumb"},"inLanguage":"es","potentialAction":[{"@type":"ReadAction","target":["https:\/\/elvagonbejar.com\/"]}]},{"@type":"BreadcrumbList","@id":"https:\/\/elvagonbejar.com\/#breadcrumb","itemListElement":[{"@type":"ListItem","position":1,"name":"Portada","item":"https:\/\/elvagonbejar.com\/"},{"@type":"ListItem","position":2,"name":"P\u00e1gina principal","item":"https:\/\/elvagonbejar.com\/index.php\/sample-page\/"},{"@type":"ListItem","position":3,"name":"P\u00e1gina principal"}]},{"@type":"WebSite","@id":"https:\/\/elvagonbejar.com\/#website","url":"https:\/\/elvagonbejar.com\/","name":"El Vag\u00f3n","description":"","publisher":{"@id":"https:\/\/elvagonbejar.com\/#organization"},"potentialAction":[{"@type":"SearchAction","target":{"@type":"EntryPoint","urlTemplate":"https:\/\/elvagonbejar.com\/?s={search_term_string}"},"query-input":{"@type":"PropertyValueSpecification","valueRequired":true,"valueName":"search_term_string"}}],"inLanguage":"es"},{"@type":"Organization","@id":"https:\/\/elvagonbejar.com\/#organization","name":"El Vag\u00f3n","url":"https:\/\/elvagonbejar.com\/","logo":{"@type":"ImageObject","inLanguage":"es","@id":"https:\/\/elvagonbejar.com\/#\/schema\/logo\/image\/","url":"https:\/\/elvagonbejar.com\/wp-content\/uploads\/2025\/07\/cropped-Logo_positivo@4x.png","contentUrl":"https:\/\/elvagonbejar.com\/wp-content\/uploads\/2025\/07\/cropped-Logo_positivo@4x.png","width":1650,"height":1195,"caption":"El Vag\u00f3n"},"image":{"@id":"https:\/\/elvagonbejar.com\/#\/schema\/logo\/image\/"},"sameAs":["https:\/\/www.facebook.com\/profile.php?id=61578357622001","https:\/\/www.instagram.com\/elvagonbejar\/"]}]}},"_links":{"self":[{"href":"https:\/\/elvagonbejar.com\/index.php\/wp-json\/wp\/v2\/pages\/150","targetHints":{"allow":["GET"]}}],"collection":[{"href":"https:\/\/elvagonbejar.com\/index.php\/wp-json\/wp\/v2\/pages"}],"about":[{"href":"https:\/\/elvagonbejar.com\/index.php\/wp-json\/wp\/v2\/types\/page"}],"author":[{"embeddable":true,"href":"https:\/\/elvagonbejar.com\/index.php\/wp-json\/wp\/v2\/users\/1"}],"replies":[{"embeddable":true,"href":"https:\/\/elvagonbejar.com\/index.php\/wp-json\/wp\/v2\/comments?post=150"}],"version-history":[{"count":107,"href":"https:\/\/elvagonbejar.com\/index.php\/wp-json\/wp\/v2\/pages\/150\/revisions"}],"predecessor-version":[{"id":331,"href":"https:\/\/elvagonbejar.com\/index.php\/wp-json\/wp\/v2\/pages\/150\/revisions\/331"}],"up":[{"embeddable":true,"href":"https:\/\/elvagonbejar.com\/index.php\/wp-json\/wp\/v2\/pages\/2"}],"wp:attachment":[{"href":"https:\/\/elvagonbejar.com\/index.php\/wp-json\/wp\/v2\/media?parent=150"}],"curies":[{"name":"wp","href":"https:\/\/api.w.org\/{rel}","templated":true}]}}